3, 19, 257639
What are the prime factors of 465078817?
7, 107, 620933
List the prime factors of 918232611.
3, 17, 23, 349, 2243
What are the prime factors of 292687160?
2, 5, 7317179
List the prime factors of 711529196.
2, 7, 23, 157837
List the prime factors of 307774957.
7, 971, 45281
What are the prime factors of 884503003?
227, 3896489
List the prime factors of 1186716677.
47, 929, 27179
What are the prime factors of 210728569?
210728569
List the prime factors of 1432553392.
2, 89534587
List the prime factors of 37615885.
5, 7523177
What are the prime factors of 2890691947?
11, 13, 277, 72977
What are the prime factors of 1627511888?
2, 101719493
List the prime factors of 45402791.
7, 167, 38839
What are the prime factors of 924512260?
2, 5, 7, 19, 347561
List the prime factors of 1100540221.
11, 1627, 61493
List the prime factors of 4704622531.
7, 41, 16392413
What are the prime factors of 1461422679?
3, 487140893
What are the prime factors of 127788578?
2, 479, 133391
List the prime factors of 87415244.
2, 7, 3121973
List the prime factors of 900656820.
2, 3, 5, 7, 79423
What are the prime factors of 1935636050?
2, 5, 1987, 19483
What are the prime factors of 3281502601?
13, 3571, 70687
List the prime factors of 854009691.
3, 37, 431, 17851
List the prime factors of 351329688.
2, 3, 181, 26959
List the prime factors of 4241788814.
2, 2120894407
List the prime factors of 1416772673.
17, 83339569
What are the prime factors of 150643073?
7, 541, 39779
List the prime factors of 7350167.
11, 691, 967
What are the prime factors of 443679949?
8521, 52069
List the prime factors of 1065634557.
3, 13, 43, 635441
What are the prime factors of 651513860?
2, 5, 32575693
What are the prime factors of 174521655?
3, 5, 7, 11, 103, 163
What are the prime factors of 623628580?
2, 5, 1039, 30011
What are the prime factors of 582219294?
2, 3, 97036549
List the prime factors of 2101071481.
2101071481
List the prime factors of 614048441.
19, 113, 2531
List the prime factors of 74993302.
2, 37, 283, 3581
What are the prime factors of 84919105?
5, 23, 29, 25463
What are the prime factors of 898072451?
898072451
What are the prime factors of 76811774?
2, 13, 2954299
What are the prime factors of 87336967?
617, 141551
List the prime factors of 1648008999.
3, 7, 13, 2012221
List the prime factors of 25080885.
3, 5, 349, 1597
List the prime factors of 306953545.
5, 29, 2116921
List the prime factors of 80182296.
2, 3, 1113643
List the prime factors of 34985832.
2, 3, 7, 29, 43, 167
List the prime factors of 68814216.
2, 3, 29, 32957
What are the prime factors of 2672489328?
2, 3, 6299, 8839
List the prime factors of 395507914.
2, 19, 47, 71, 3119
What are the prime factors of 3765407444?
2, 29, 47, 599, 1153
What are the prime factors of 194613436?
2, 331, 146989
List the prime factors of 1010137887.
3, 11, 107, 8669
What are the prime factors of 7295150?
2, 5, 145903
What are the prime factors of 907737352?
2, 29, 103, 37987
What are the prime factors of 96627653?
4789, 20177
List the prime factors of 2816620554.
2, 3, 11, 17, 349, 7193
What are the prime factors of 665975458?
2, 8317, 40037
What are the prime factors of 399296538?
2, 3, 43, 515887
List the prime factors of 3207178679.
3677, 872227
What are the prime factors of 146805907?
5801, 25307
What are the prime factors of 1497125247?
3, 17, 131, 331, 677
List the prime factors of 40420717.
40420717
List the prime factors of 261553458.
2, 3, 733, 59471
List the prime factors of 22996113.
3, 7, 23, 47, 1013
List the prime factors of 62698317.
3, 11, 1899949
What are the prime factors of 26890409?
7, 13, 109, 2711
What are the prime factors of 395144245?
5, 79028849
What are the prime factors of 6835636886?
2, 13, 262909111
List the prime factors of 161781047.
161781047
What are the prime factors of 27433747?
11, 1069, 2333
List the prime factors of 2908616950.
2, 5, 241, 281, 859
What are the prime factors of 283873166?
2, 8609, 16487
What are the prime factors of 84524701?
23, 211, 17417
What are the prime factors of 61292083?
61292083
List the prime factors of 82366521.
3, 27455507
List the prime factors of 120714439.
9473, 12743
What are the prime factors of 247447154?
2, 419, 295283
List the prime factors of 310187099.
41, 7565539
List the prime factors of 218672938.
2, 11, 17, 19, 30773
What are the prime factors of 262681131?
3, 1619, 54083
List the prime factors of 174217943.
53, 347, 9473
List the prime factors of 68019872.
2, 2125621
What are the prime factors of 414637295?
5, 82927459
List the prime factors of 1374094868.
2, 343523717
What are the prime factors of 660001917?
3, 19, 11578981
What are the prime factors of 269169791?
11, 137, 178613
List the prime factors of 1126308332.
2, 281577083
What are the prime factors of 2977280421?
3, 89, 11150863
List the prime factors of 61364880.
2, 3, 5, 85229
List the prime factors of 2612361.
3, 870787
What are the prime factors of 56530589?
907, 62327
List the prime factors of 165634292.
2, 6053, 6841
List the prime factors of 622945544.
2, 13, 83, 72167
List the prime factors of 125933698.
2, 11, 151, 167, 227
What are the prime factors of 8235183285?
3, 5, 7, 241, 15497
List the prime factors of 1875385141.
7, 17, 41, 67, 5737
List the prime factors of 64052275.
5, 7, 366013
What are the prime factors of 74251934?
2, 37125967
What are the prime factors of 87030676?
2, 21757669
What are the prime factors of 3787512768?
2, 3, 13, 505811
What are the prime factors of 115139683?
103, 1117861
List the prime factors of 594493396.
2, 7, 199, 106693
What are the prime factors of 191480822?
2, 13, 19, 387613
List the prime factors of 93845046.
2, 3, 59, 179, 1481
List the prime factors of 1066873685.
5, 2713, 78649
What are the prime factors of 137243387?
1787, 76801
What are the prime factors of 1673267860?
2, 5, 11, 691433
List the prime factors of 2365542939.
3, 23, 34283231
List the prime factors of 25483917.
3, 47, 149, 1213
List the prime factors of 29852474.
2, 73, 139, 1471
List the prime factors of 37142061.
3, 11, 31, 36307
List the prime factors of 3026711289.
3, 7, 23, 6266483
What are the prime factors of 2531697494?
2, 17, 1553, 47947
What are the prime factors of 219234670?
2, 5, 1433, 15299
List the prime factors of 226446222.
2, 3, 17, 293, 7577
What are the prime factors of 2003747072?
2, 127, 61631
What are the prime factors of 320856944?
2, 31, 646889
What are the prime factors of 2989188486?
2, 3, 37, 4488271
List the prime factors of 903921929.
29311, 30839
List the prime factors of 170328015.
3, 5, 11, 13, 17, 173
What are the prime factors of 699682015?
5, 41, 3413083
List the prime factors of 109023466.
2, 31, 1758443
List the prime factors of 5617051470.
2, 3, 5, 29, 2152127
What are the prime factors of 538824001?
277, 443, 4391
List the prime factors of 179980252.
2, 5981, 7523
List the prime factors of 684198729.
3, 76022081
What are the prime factors of 1000866688?
2, 7819271
What are the prime factors of 89068466?
2, 19, 23, 101, 1009
What are the prime factors of 92815314?
2, 3, 37, 418087
What are the prime factors of 515232407?
23, 43, 520963
List the prime factors of 185646182.
2, 92823091
What are the prime factors of 258953681?
7, 754967
What are the prime factors of 25848443?
1319, 19597
List the prime factors of 701957218.
2, 163, 2153243
List the prime factors of 750422930.
2, 5, 101, 742993
List the prime factors of 46633865.
5, 71, 131363
List the prime factors of 36487503.
3, 13, 34651
List the prime factors of 41043034.
2, 359, 57163
List the prime factors of 115442975.
5, 139, 239
List the prime factors of 7815501.
3, 289463
List the prime factors of 7754281.
29, 267389
What are the prime factors of 1197951826?
2, 23, 67, 388693
What are the prime factors of 937638193?
12821, 73133
What are the prime factors of 350611805?
5, 239, 293399
List the prime factors of 45129286.
2, 773, 29191
What are the prime factors of 317715535?
5, 47, 1351981
What are the prime factors of 4166454451?
4166454451
List the prime factors of 1213460251.
19, 37, 61, 28297
List the prime factors of 53537598.
2, 3, 97, 3407
List the prime factors of 181247067.
3, 283, 71161
What are the prime factors of 447062545?
5, 163, 548543
List th